[INFO] cloning repository https://github.com/jimberlage/science
[INFO] running `Command { std: "git" "-c" "credential.helper=" "-c" "credential.helper=/workspace/cargo-home/bin/git-credential-null" "clone" "--bare" "https://github.com/jimberlage/science" "/workspace/cache/git-repos/https%3A%2F%2Fgithub.com%2Fjimberlage%2Fscience", kill_on_drop: false }`
[INFO] [stderr] Cloning into bare repository '/workspace/cache/git-repos/https%3A%2F%2Fgithub.com%2Fjimberlage%2Fscience'...
[INFO] running `Command { std: "git" "rev-parse" "HEAD", kill_on_drop: false }`
[INFO] [stdout] 83732e5f76702d6f028425b13b7ef5d9c87bc743
[INFO] checking jimberlage/science against try#72f88fc4e9458f89516a0b8b0868f3718aec5b47 for pr-74989
[INFO] running `Command { std: "git" "clone" "/workspace/cache/git-repos/https%3A%2F%2Fgithub.com%2Fjimberlage%2Fscience" "/workspace/builds/worker-3/source", kill_on_drop: false }`
[INFO] [stderr] Cloning into '/workspace/builds/worker-3/source'...
[INFO] [stderr] done.
[INFO] validating manifest of git repo https://github.com/jimberlage/science on toolchain 72f88fc4e9458f89516a0b8b0868f3718aec5b47
[INFO] running `Command { std: "/workspace/cargo-home/bin/cargo" "+72f88fc4e9458f89516a0b8b0868f3718aec5b47" "read-manifest" "--manifest-path" "Cargo.toml", kill_on_drop: false }`
[INFO] started tweaking git repo https://github.com/jimberlage/science
[INFO] finished tweaking git repo https://github.com/jimberlage/science
[INFO] tweaked toml for git repo https://github.com/jimberlage/science written to /workspace/builds/worker-3/source/Cargo.toml
[INFO] crate git repo https://github.com/jimberlage/science already has a lockfile, it will not be regenerated
[INFO] running `Command { std: "/workspace/cargo-home/bin/cargo" "+72f88fc4e9458f89516a0b8b0868f3718aec5b47" "fetch" "--locked" "--manifest-path" "Cargo.toml", kill_on_drop: false }`
[INFO] [stderr] error: the lock file /workspace/builds/worker-3/source/Cargo.lock needs to be updated but --locked was passed to prevent this
[INFO] [stderr] If you want to try to generate the lock file without accessing the network, use the --offline flag.
[INFO] the lockfile is outdated, regenerating it
[INFO] running `Command { std: "/workspace/cargo-home/bin/cargo" "+72f88fc4e9458f89516a0b8b0868f3718aec5b47" "generate-lockfile" "--manifest-path" "Cargo.toml" "-Zno-index-update", kill_on_drop: false }`
[INFO] running `Command { std: "/workspace/cargo-home/bin/cargo" "+72f88fc4e9458f89516a0b8b0868f3718aec5b47" "fetch" "--locked" "--manifest-path" "Cargo.toml", kill_on_drop: false }`
[INFO] [stderr]  Downloading crates ...
[INFO] [stderr]   Downloaded rusqlite v0.24.0
[INFO] [stderr]   Downloaded libsqlite3-sys v0.20.0
[INFO] running `Command { std: "docker" "create" "-v" "/var/lib/crater-agent-workspace/builds/worker-3/target:/opt/rustwide/target:rw,Z" "-v" "/var/lib/crater-agent-workspace/builds/worker-3/source:/opt/rustwide/workdir:ro,Z" "-v" "/var/lib/crater-agent-workspace/cargo-home:/opt/rustwide/cargo-home:ro,Z" "-v" "/var/lib/crater-agent-workspace/rustup-home:/opt/rustwide/rustup-home:ro,Z" "-e" "SOURCE_DIR=/opt/rustwide/workdir" "-e" "CARGO_TARGET_DIR=/opt/rustwide/target" "-e" "CARGO_HOME=/opt/rustwide/cargo-home" "-e" "RUSTUP_HOME=/opt/rustwide/rustup-home" "-w" "/opt/rustwide/workdir" "-m" "1610612736" "--user" "0:0" "--network" "none" "rustops/crates-build-env@sha256:d92eaeed33fa75130ca1ee6c8a01d1ffb62bac859dfdfb3450e3e5d1c0146529" "/opt/rustwide/cargo-home/bin/cargo" "+72f88fc4e9458f89516a0b8b0868f3718aec5b47" "metadata" "--no-deps" "--format-version=1", kill_on_drop: false }`
[INFO] [stdout] 23945522d11a2c71b81b907cd555853f3888bc582ad32960948bc7ea1688badf
[INFO] [stderr] WARNING: Your kernel does not support swap limit capabilities or the cgroup is not mounted. Memory limited without swap.
[INFO] running `Command { std: "docker" "start" "-a" "23945522d11a2c71b81b907cd555853f3888bc582ad32960948bc7ea1688badf", kill_on_drop: false }`
[INFO] running `Command { std: "docker" "inspect" "23945522d11a2c71b81b907cd555853f3888bc582ad32960948bc7ea1688badf", kill_on_drop: false }`
[INFO] running `Command { std: "docker" "rm" "-f" "23945522d11a2c71b81b907cd555853f3888bc582ad32960948bc7ea1688badf", kill_on_drop: false }`
[INFO] [stdout] 23945522d11a2c71b81b907cd555853f3888bc582ad32960948bc7ea1688badf
[INFO] running `Command { std: "docker" "create" "-v" "/var/lib/crater-agent-workspace/builds/worker-3/target:/opt/rustwide/target:rw,Z" "-v" "/var/lib/crater-agent-workspace/builds/worker-3/source:/opt/rustwide/workdir:ro,Z" "-v" "/var/lib/crater-agent-workspace/cargo-home:/opt/rustwide/cargo-home:ro,Z" "-v" "/var/lib/crater-agent-workspace/rustup-home:/opt/rustwide/rustup-home:ro,Z" "-e" "SOURCE_DIR=/opt/rustwide/workdir" "-e" "CARGO_TARGET_DIR=/opt/rustwide/target" "-e" "CARGO_INCREMENTAL=0" "-e" "RUST_BACKTRACE=full" "-e" "RUSTFLAGS=--cap-lints=forbid" "-e" "CARGO_HOME=/opt/rustwide/cargo-home" "-e" "RUSTUP_HOME=/opt/rustwide/rustup-home" "-w" "/opt/rustwide/workdir" "-m" "1610612736" "--user" "0:0" "--network" "none" "rustops/crates-build-env@sha256:d92eaeed33fa75130ca1ee6c8a01d1ffb62bac859dfdfb3450e3e5d1c0146529" "/opt/rustwide/cargo-home/bin/cargo" "+72f88fc4e9458f89516a0b8b0868f3718aec5b47" "check" "--frozen" "--all" "--all-targets" "--message-format=json", kill_on_drop: false }`
[INFO] [stderr] WARNING: Your kernel does not support swap limit capabilities or the cgroup is not mounted. Memory limited without swap.
[INFO] [stdout] cef75dbf6db8536f587672a598749edc753b5c6fe8a00045d86c1e8022154180
[INFO] running `Command { std: "docker" "start" "-a" "cef75dbf6db8536f587672a598749edc753b5c6fe8a00045d86c1e8022154180", kill_on_drop: false }`
[INFO] [stderr]     Blocking waiting for file lock on package cache
[INFO] [stderr]    Compiling pkg-config v0.3.18
[INFO] [stderr]     Checking unicode-width v0.1.8
[INFO] [stderr]     Checking fallible-iterator v0.2.0
[INFO] [stderr]     Checking lru-cache v0.1.2
[INFO] [stderr]     Checking textwrap v0.11.0
[INFO] [stderr]     Checking clap v2.33.3
[INFO] [stderr]    Compiling libsqlite3-sys v0.20.0
[INFO] [stderr]     Checking rusqlite v0.24.0
[INFO] [stderr]     Checking science v0.1.0 (/opt/rustwide/workdir)
[INFO] [stdout] error[E0282]: type annotations needed
[INFO] [stdout]   --> src/migrations.rs:24:43
[INFO] [stdout]    |
[INFO] [stdout] 24 |     let ids = try_generic!(stmt.query_map(&[], |row| { row.get("id") }));
[INFO] [stdout]    |                                           ^^^ cannot infer type
[INFO] [stdout] 
[INFO] [stdout] 
[INFO] [stdout] error[E0282]: type annotations needed
[INFO] [stdout]   --> src/migrations.rs:24:43
[INFO] [stdout]    |
[INFO] [stdout] 24 |     let ids = try_generic!(stmt.query_map(&[], |row| { row.get("id") }));
[INFO] [stdout]    |                                           ^^^ cannot infer type
[INFO] [stdout] 
[INFO] [stdout] 
[INFO] [stdout] error[E0308]: mismatched types
[INFO] [stdout]   --> src/migrations.rs:39:55
[INFO] [stdout]    |
[INFO] [stdout] 39 |     let rows = try_generic!(stmt.query_map(&[], |_| { true }));
[INFO] [stdout]    |                                                       ^^^^
[INFO] [stdout]    |                                                       |
[INFO] [stdout]    |                                                       expected enum `std::result::Result`, found `bool`
[INFO] [stdout]    |                                                       help: try using a variant of the expected enum: `Ok(true)`
[INFO] [stdout]    |
[INFO] [stdout]    = note: expected enum `std::result::Result<_, rusqlite::Error>`
[INFO] [stdout]               found type `bool`
[INFO] [stdout] 
[INFO] [stdout] 
[INFO] [stdout] error[E0308]: mismatched types
[INFO] [stdout]   --> src/migrations.rs:39:55
[INFO] [stdout]    |
[INFO] [stdout] 39 |     let rows = try_generic!(stmt.query_map(&[], |_| { true }));
[INFO] [stdout]    |                                                       ^^^^
[INFO] [stdout]    |                                                       |
[INFO] [stdout]    |                                                       expected enum `std::result::Result`, found `bool`
[INFO] [stdout]    |                                                       help: try using a variant of the expected enum: `Ok(true)`
[INFO] [stdout]    |
[INFO] [stdout]    = note: expected enum `std::result::Result<_, rusqlite::Error>`
[INFO] [stdout]               found type `bool`
[INFO] [stdout] 
[INFO] [stdout] 
[INFO] [stdout] error[E0308]: mismatched types
[INFO] [stdout]   --> src/models.rs:51:43
[INFO] [stdout]    |
[INFO] [stdout] 51 |         match stmt.execute(&[description, &experiment_id, sha, status]) {
[INFO] [stdout]    |                                           ^^^^^^^^^^^^^^ expected struct `String`, found `i64`
[INFO] [stdout]    |
[INFO] [stdout]    = note:   expected type `&String`
[INFO] [stdout]            found reference `&i64`
[INFO] [stdout] 
[INFO] [stdout] 
[INFO] [stdout] error[E0282]: type annotations needed
[INFO] [stdout]   --> src/models.rs:72:20
[INFO] [stdout]    |
[INFO] [stdout] 72 |         match stmt.execute(&[]) {
[INFO] [stdout]    |                    ^^^^^^^ cannot infer type for type parameter `T`
[INFO] [stdout] 
[INFO] [stdout] 
[INFO] [stdout] error[E0308]: mismatched types
[INFO] [stdout]   --> src/models.rs:51:43
[INFO] [stdout]    |
[INFO] [stdout] 51 |         match stmt.execute(&[description, &experiment_id, sha, status]) {
[INFO] [stdout]    |                                           ^^^^^^^^^^^^^^ expected struct `String`, found `i64`
[INFO] [stdout]    |
[INFO] [stdout]    = note:   expected type `&String`
[INFO] [stdout]            found reference `&i64`
[INFO] [stdout] 
[INFO] [stdout] 
[INFO] [stdout] error[E0282]: type annotations needed
[INFO] [stdout]   --> src/models.rs:72:20
[INFO] [stdout]    |
[INFO] [stdout] 72 |         match stmt.execute(&[]) {
[INFO] [stdout]    |                    ^^^^^^^ cannot infer type for type parameter `T`
[INFO] [stdout] 
[INFO] [stdout] 
[INFO] [stdout] error[E0308]: mismatched types
[INFO] [stdout]   --> src/models.rs:81:30
[INFO] [stdout]    |
[INFO] [stdout] 81 |             Experiment { id: row.get("id") }
[INFO] [stdout]    |                              ^^^^^^^^^^^^^ expected `i64`, found enum `std::result::Result`
[INFO] [stdout]    |
[INFO] [stdout]    = note: expected type `i64`
[INFO] [stdout]               found enum `std::result::Result<_, rusqlite::Error>`
[INFO] [stdout] 
[INFO] [stdout] 
[INFO] [stdout] error[E0308]: mismatched types
[INFO] [stdout]   --> src/models.rs:81:13
[INFO] [stdout]    |
[INFO] [stdout] 81 |             Experiment { id: row.get("id") }
[INFO] [stdout]    |             ^^^^^^^^^^^^^^^^^^^^^^^^^^^^^^^^
[INFO] [stdout]    |             |
[INFO] [stdout]    |             expected enum `std::result::Result`, found struct `Experiment`
[INFO] [stdout]    |             help: try using a variant of the expected enum: `Ok(Experiment { id: row.get("id") })`
[INFO] [stdout]    |
[INFO] [stdout]    = note: expected enum `std::result::Result<_, rusqlite::Error>`
[INFO] [stdout]             found struct `Experiment`
[INFO] [stdout] 
[INFO] [stdout] 
[INFO] [stdout] error[E0308]: mismatched types
[INFO] [stdout]   --> src/models.rs:81:30
[INFO] [stdout]    |
[INFO] [stdout] 81 |             Experiment { id: row.get("id") }
[INFO] [stdout]    |                              ^^^^^^^^^^^^^ expected `i64`, found enum `std::result::Result`
[INFO] [stdout]    |
[INFO] [stdout]    = note: expected type `i64`
[INFO] [stdout]               found enum `std::result::Result<_, rusqlite::Error>`
[INFO] [stdout] 
[INFO] [stdout] 
[INFO] [stdout] error[E0282]: type annotations needed
[INFO] [stdout]   --> src/models.rs:96:20
[INFO] [stdout]    |
[INFO] [stdout] 96 |         match stmt.execute(&[]) {
[INFO] [stdout]    |                    ^^^^^^^ cannot infer type for type parameter `T`
[INFO] [stdout] 
[INFO] [stdout] 
[INFO] [stdout] error[E0308]: mismatched types
[INFO] [stdout]   --> src/models.rs:81:13
[INFO] [stdout]    |
[INFO] [stdout] 81 |             Experiment { id: row.get("id") }
[INFO] [stdout]    |             ^^^^^^^^^^^^^^^^^^^^^^^^^^^^^^^^
[INFO] [stdout]    |             |
[INFO] [stdout]    |             expected enum `std::result::Result`, found struct `Experiment`
[INFO] [stdout]    |             help: try using a variant of the expected enum: `Ok(Experiment { id: row.get("id") })`
[INFO] [stdout]    |
[INFO] [stdout]    = note: expected enum `std::result::Result<_, rusqlite::Error>`
[INFO] [stdout]             found struct `Experiment`
[INFO] [stdout] 
[INFO] [stdout] 
[INFO] [stdout] error[E0282]: type annotations needed
[INFO] [stdout]   --> src/models.rs:96:20
[INFO] [stdout]    |
[INFO] [stdout] 96 |         match stmt.execute(&[]) {
[INFO] [stdout]    |                    ^^^^^^^ cannot infer type for type parameter `T`
[INFO] [stdout] 
[INFO] [stdout] 
[INFO] [stdout] error[E0308]: mismatched types
[INFO] [stdout]    --> src/models.rs:115:21
[INFO] [stdout]     |
[INFO] [stdout] 115 |                 id: row.get("id"),
[INFO] [stdout]     |                     ^^^^^^^^^^^^^ expected `i64`, found enum `std::result::Result`
[INFO] [stdout]     |
[INFO] [stdout]     = note: expected type `i64`
[INFO] [stdout]                found enum `std::result::Result<_, rusqlite::Error>`
[INFO] [stdout] 
[INFO] [stdout] 
[INFO] [stdout] error[E0308]: mismatched types
[INFO] [stdout]    --> src/models.rs:116:30
[INFO] [stdout]     |
[INFO] [stdout] 116 |                 description: row.get("description"),
[INFO] [stdout]     |                              ^^^^^^^^^^^^^^^^^^^^^^ expected struct `String`, found enum `std::result::Result`
[INFO] [stdout]     |
[INFO] [stdout]     = note: expected struct `String`
[INFO] [stdout]                  found enum `std::result::Result<_, rusqlite::Error>`
[INFO] [stdout] 
[INFO] [stdout] 
[INFO] [stdout] error[E0308]: mismatched types
[INFO] [stdout]    --> src/models.rs:115:21
[INFO] [stdout]     |
[INFO] [stdout] 115 |                 id: row.get("id"),
[INFO] [stdout]     |                     ^^^^^^^^^^^^^ expected `i64`, found enum `std::result::Result`
[INFO] [stdout]     |
[INFO] [stdout]     = note: expected type `i64`
[INFO] [stdout]                found enum `std::result::Result<_, rusqlite::Error>`
[INFO] [stdout] 
[INFO] [stdout] 
[INFO] [stdout] error[E0308]: mismatched types
[INFO] [stdout]    --> src/models.rs:117:32
[INFO] [stdout]     |
[INFO] [stdout] 117 |                 experiment_id: row.get("experiment_id"),
[INFO] [stdout]     |                                ^^^^^^^^^^^^^^^^^^^^^^^^ expected `i64`, found enum `std::result::Result`
[INFO] [stdout]     |
[INFO] [stdout]     = note: expected type `i64`
[INFO] [stdout]                found enum `std::result::Result<_, rusqlite::Error>`
[INFO] [stdout] 
[INFO] [stdout] 
[INFO] [stdout] error[E0308]: mismatched types
[INFO] [stdout]    --> src/models.rs:116:30
[INFO] [stdout]     |
[INFO] [stdout] 116 |                 description: row.get("description"),
[INFO] [stdout]     |                              ^^^^^^^^^^^^^^^^^^^^^^ expected struct `String`, found enum `std::result::Result`
[INFO] [stdout]     |
[INFO] [stdout]     = note: expected struct `String`
[INFO] [stdout]                  found enum `std::result::Result<_, rusqlite::Error>`
[INFO] [stdout] 
[INFO] [stdout] 
[INFO] [stdout] error[E0308]: mismatched types
[INFO] [stdout]    --> src/models.rs:118:22
[INFO] [stdout]     |
[INFO] [stdout] 118 |                 sha: row.get("sha"),
[INFO] [stdout]     |                      ^^^^^^^^^^^^^^ expected struct `String`, found enum `std::result::Result`
[INFO] [stdout]     |
[INFO] [stdout]     = note: expected struct `String`
[INFO] [stdout]                  found enum `std::result::Result<_, rusqlite::Error>`
[INFO] [stdout] 
[INFO] [stdout] 
[INFO] [stdout] error[E0308]: mismatched types
[INFO] [stdout]    --> src/models.rs:117:32
[INFO] [stdout]     |
[INFO] [stdout] 117 |                 experiment_id: row.get("experiment_id"),
[INFO] [stdout]     |                                ^^^^^^^^^^^^^^^^^^^^^^^^ expected `i64`, found enum `std::result::Result`
[INFO] [stdout]     |
[INFO] [stdout]     = note: expected type `i64`
[INFO] [stdout]                found enum `std::result::Result<_, rusqlite::Error>`
[INFO] [stdout] 
[INFO] [stdout] 
[INFO] [stdout] error[E0308]: mismatched types
[INFO] [stdout]    --> src/models.rs:119:25
[INFO] [stdout]     |
[INFO] [stdout] 119 |                 status: row.get("status"),
[INFO] [stdout]     |                         ^^^^^^^^^^^^^^^^^ expected struct `String`, found enum `std::result::Result`
[INFO] [stdout]     |
[INFO] [stdout]     = note: expected struct `String`
[INFO] [stdout]                  found enum `std::result::Result<_, rusqlite::Error>`
[INFO] [stdout] 
[INFO] [stdout] 
[INFO] [stdout] error[E0308]: mismatched types
[INFO] [stdout]    --> src/models.rs:118:22
[INFO] [stdout]     |
[INFO] [stdout] 118 |                 sha: row.get("sha"),
[INFO] [stdout]     |                      ^^^^^^^^^^^^^^ expected struct `String`, found enum `std::result::Result`
[INFO] [stdout]     |
[INFO] [stdout]     = note: expected struct `String`
[INFO] [stdout]                  found enum `std::result::Result<_, rusqlite::Error>`
[INFO] [stdout] 
[INFO] [stdout] 
[INFO] [stdout] error[E0308]: mismatched types
[INFO] [stdout]    --> src/models.rs:114:13
[INFO] [stdout]     |
[INFO] [stdout] 114 | /             Datapoint {
[INFO] [stdout] 115 | |                 id: row.get("id"),
[INFO] [stdout] 116 | |                 description: row.get("description"),
[INFO] [stdout] 117 | |                 experiment_id: row.get("experiment_id"),
[INFO] [stdout] 118 | |                 sha: row.get("sha"),
[INFO] [stdout] 119 | |                 status: row.get("status"),
[INFO] [stdout] 120 | |             }
[INFO] [stdout]     | |_____________^ expected enum `std::result::Result`, found struct `Datapoint`
[INFO] [stdout]     |
[INFO] [stdout]     = note: expected enum `std::result::Result<_, rusqlite::Error>`
[INFO] [stdout]              found struct `Datapoint`
[INFO] [stdout] help: try using a variant of the expected enum
[INFO] [stdout]     |
[INFO] [stdout] 114 |             Ok(Datapoint {
[INFO] [stdout] 115 |                 id: row.get("id"),
[INFO] [stdout] 116 |                 description: row.get("description"),
[INFO] [stdout] 117 |                 experiment_id: row.get("experiment_id"),
[INFO] [stdout] 118 |                 sha: row.get("sha"),
[INFO] [stdout] 119 |                 status: row.get("status"),
[INFO] [stdout]   ...
[INFO] [stdout] 
[INFO] [stdout] 
[INFO] [stdout] error: aborting due to 13 previous errors
[INFO] [stdout] 
[INFO] [stdout] 
[INFO] [stdout] Some errors have detailed explanations: E0282, E0308.
[INFO] [stdout] 
[INFO] [stdout] For more information about an error, try `rustc --explain E0282`.
[INFO] [stdout] 
[INFO] [stderr] error: could not compile `science`.
[INFO] [stderr] 
[INFO] [stderr] To learn more, run the command again with --verbose.
[INFO] [stderr] warning: build failed, waiting for other jobs to finish...
[INFO] [stdout] error[E0308]: mismatched types
[INFO] [stdout]    --> src/models.rs:119:25
[INFO] [stdout]     |
[INFO] [stdout] 119 |                 status: row.get("status"),
[INFO] [stdout]     |                         ^^^^^^^^^^^^^^^^^ expected struct `String`, found enum `std::result::Result`
[INFO] [stdout]     |
[INFO] [stdout]     = note: expected struct `String`
[INFO] [stdout]                  found enum `std::result::Result<_, rusqlite::Error>`
[INFO] [stdout] 
[INFO] [stdout] 
[INFO] [stdout] error[E0308]: mismatched types
[INFO] [stdout]    --> src/models.rs:114:13
[INFO] [stdout]     |
[INFO] [stdout] 114 | /             Datapoint {
[INFO] [stdout] 115 | |                 id: row.get("id"),
[INFO] [stdout] 116 | |                 description: row.get("description"),
[INFO] [stdout] 117 | |                 experiment_id: row.get("experiment_id"),
[INFO] [stdout] 118 | |                 sha: row.get("sha"),
[INFO] [stdout] 119 | |                 status: row.get("status"),
[INFO] [stdout] 120 | |             }
[INFO] [stdout]     | |_____________^ expected enum `std::result::Result`, found struct `Datapoint`
[INFO] [stdout]     |
[INFO] [stdout]     = note: expected enum `std::result::Result<_, rusqlite::Error>`
[INFO] [stdout]              found struct `Datapoint`
[INFO] [stdout] help: try using a variant of the expected enum
[INFO] [stdout]     |
[INFO] [stdout] 114 |             Ok(Datapoint {
[INFO] [stdout] 115 |                 id: row.get("id"),
[INFO] [stdout] 116 |                 description: row.get("description"),
[INFO] [stdout] 117 |                 experiment_id: row.get("experiment_id"),
[INFO] [stdout] 118 |                 sha: row.get("sha"),
[INFO] [stdout] 119 |                 status: row.get("status"),
[INFO] [stdout]   ...
[INFO] [stdout] 
[INFO] [stdout] 
[INFO] [stdout] error: aborting due to 13 previous errors
[INFO] [stdout] 
[INFO] [stdout] 
[INFO] [stdout] Some errors have detailed explanations: E0282, E0308.
[INFO] [stdout] 
[INFO] [stdout] For more information about an error, try `rustc --explain E0282`.
[INFO] [stdout] 
[INFO] [stderr] error: build failed
[INFO] running `Command { std: "docker" "inspect" "cef75dbf6db8536f587672a598749edc753b5c6fe8a00045d86c1e8022154180", kill_on_drop: false }`
[INFO] running `Command { std: "docker" "rm" "-f" "cef75dbf6db8536f587672a598749edc753b5c6fe8a00045d86c1e8022154180", kill_on_drop: false }`
[INFO] [stdout] cef75dbf6db8536f587672a598749edc753b5c6fe8a00045d86c1e8022154180
